 - c. Let x(g) = 3*g + 1. Determine x(p).
-2
Let t(k) be the third derivative of k**4/24 - 5*k**3/6 + 434*k**2. Let s(r) = -4*r**3 + r**2 - 1. Let u be s(1). Give t(u).
-9
Suppose 8*u = 7*u + 7. Let f(r) = r - 15 + u + 7. Calculate f(1).
0
Suppose 0 = 4*x - 12 - 8. Suppose x*s = 2*i + 7, 5*i - 10 - 13 = -s. Let w(n) be the third derivative of -n**4/6 + 5*n**3/6 - 686*n**2. Give w(i).
-11
Let a(h) = -7*h + 1 - 5*h + 2*h + 12*h. Determine a(4).
9
Let g(d) = d**3 + 6*d**2 + 2*d + 7. Suppose -24 = s + 16. Let o be 5/(-2)*s/25. Suppose o*v - 6 = 5*v. Determine g(v).
-5
Suppose -2*m + 2 = -0*m. Suppose -m = -3*t + c, 3*t - 2*c - 3 = c. Let i(k) = -k**3 - k**2 - k - 1. What is i(t)?
-1
Suppose -24*y = 17 - 41. Let i(b) = -3*b**3 + b**2 - b + 1. Give i(y).
-2
Let t(m) = m**3 + 16*m**2 - 18*m - 8. Let z = -441 + 424. Give t(z).
9
Let c(r) = -10*r + 4*r**2 + 3 - 3 - r**2 - 6*r**2 + 5. What is c(-6)?
-43
Let u(p) = -733*p - 4 + p**2 - 2*p**2 + 747*p - 7. Calculate u(12).
13
Let n(v) = -65*v - 647. Let g be n(-10). Let r(h) = -h. Let j(f) = 4*f - 1. Let c(o) = -3*j(o) - 8*r(o). Determine c(g).
-9
Let d(k) be the third derivative of -k**5/20 + 7*k**4/24 - k**3/3 - k**2 + 412. What is d(3)?
-8
Let q = 65 + -60. Let n(r) = -q*r + 4*r - r - 5. Give n(-6).
7
Suppose -41*n + 39*n + 2 = 0. Let w(c) = 3*c - 1. Determine w(n).
2
Let c(b) be the first derivative of 0*b**3 - 1 + b + 1/12*b**4 + 0*b**2. Let j(t) be the first derivative of c(t). Determine j(1).
1
Let z(s) = -4*s**2 + 2*s + 4. Suppose -11*u = -23 - 21. Let o(q) = 4*q**2 - 3*q - 5. Let a(p) = u*o(p) + 5*z(p). Let h = 5 - 7. Determine a(h).
-12
Let p(a) be the third derivative of a**6/120 + a**5/10 + a**4/24 - 5*a**3/6 - 3*a**2 + 97. Give p(-5).
15
Suppose 0 = -0*b + 4*b - 8. Let j(m) = -23*m**2 - 22*m**b + m**3 + 7*m - 1 + 37*m**2. Give j(7).
-1
Let j(h) = -9*h**2 + 1598 + 31*h - 790 - h**3 - 4*h**2 - 796. Determine j(-15).
-3
Let u be (-459)/(-36)*8/6. Suppose 20 = -4*y, -y = -3*q + y - u. Let n(z) = -z**3 - 9*z**2 - 1. Determine n(q).
-1
Let o(v) = -44 + 2*v + 105*v**2 - 106*v**2 + 35. What is o(0)?
-9
Let q(o) = -7*o - 9. Let f(j) = -3*j - 4. Let h(g) = -13*f(g) + 6*q(g). Suppose -p - 4*z = -0*z - 22, 3 = z. Suppose 15*u = 10*u + p. Calculate h(u).
-8
Let n(m) be the first derivative of m**3/3 + 4*m**2 + 5*m - 1207. Suppose -y - 24 = 3*y. Determine n(y).
-7
Let d(q) = -4*q**2 + 12*q + 8. Let g(o) = -o. Let w(l) = -d(l) - 3*g(l). Let t(u) = -7*u**2 + 17*u + 15. Let y(i) = -6*t(i) - 11*w(i). Give y(-3).
-11
Suppose -203 = -7*w - 154. Let l(i) = i**3 - 7*i**2 - 1. Calculate l(w).
-1
Let l(f) = 1 - 2*f**2 + 0*f**2 + 5*f**2 - f**3 - f. Let q be 76/(-95)*(1 + 4). Let c be ((-3)/q)/((-6)/(-24)). Give l(c).
-2
Let h(l) = l**2 - l - 3. Let u(z) be the third derivative of -1/12*z**4 + 0*z**3 + 0 + 0*z + 1/60*z**5 - 4*z**2. Let j be u(2). What is h(j)?
-3
Let g be (-1)/(0 - 1/859). Let i(d) = 0 + 856*d - g*d - d**3 - 4*d**2 - 1. Determine i(-2).
-3
Let o be -3*(-4)/(-6) + 11. Let r be (-1)/(24/o - 3). Let d(y) be the second derivative of y**5/20 - y**4/4 - y**3/3 - 3*y. Determine d(r).
-6
Let j(p) = -100 + p + 52 + 57. Determine j(-7).
2
Let d(z) = -4*z**3 + 4*z**2 - 1. Let a(j) = -19*j**3 + 22*j**2 - 5. Let n(u) = -2*a(u) + 11*d(u). Let m(o) = o - 1. Let f be m(0). What is n(f)?
5
Let b(c) = -3*c**2 + 5. Let f(x) = 5*x**2 - x - 9. Let o(s) = -11*b(s) - 6*f(s). Let m(u) = u**2 + 2*u. Let y(n) = -17*m(n) + 6*o(n). Calculate y(-5).
9
Let v(g) = -g**2 - 2*g. Let w(o) = -2*o**2 - 5. Let s(c) = -3*v(c) + w(c). What is s(-7)?
2
Let a be (22/33)/((-2)/(-33)). Suppose -8*j + a*j = -18. Let v be j/21 - (-18)/14. Let t(z) = -7*z**3 - z + 1. Determine t(v).
-7
Let d(c) = -c**2 - 4*c + 7. Let s(z) = z**3 + z**2 - 3*z + 29. Let r be s(-4). Give d(r).
-14
Suppose 3*a - 2 = 2*f, 5*f - 3*a = -7*a - 51. Let o(k) be the second derivative of -k**3/6 - k**2/2 - 3*k. Give o(f).
6
Suppose -3*i + 2*x + 10 = -6, 4*x + 20 = 0. Let a(t) = i*t + 4 + 0 + t + 2. Determine a(-4).
-6
Let s(i) be the first derivative of -i**2/2 + i - 87. Give s(-8).
9
Let r(c) = -2*c - 2. Let b(u) = -u**2 + 9*u - 41. Let j(v) = -b(v) + 5*r(v). Give j(18).
13
Let j(l) be the third derivative of 0*l - 3*l**2 - 2/3*l**3 + 0 + 1/120*l**5 + 1/4*l**4. Let o(z) be the first derivative of j(z). Calculate o(-6).
0
Let o(f) be the first derivative of 1/4*f**4 - f + 20 + 2*f**2 + 2*f**3. Determine o(-5).
4
Let x(o) = -o**2 - 2*o + 1. Suppose l - 4*t + 31 = 0, l + 28 = 5*t - 2*t. Let p = l - -24. Suppose -v + 5*s + 21 = 0, 4*s = p*v - s - 5. What is x(v)?
-7
Let q(n) = -2*n + 2. Let b be 2*(7 - 16 - -4). Determine q(b).
22
Let h(g) = -g**2 - 6*g + 8. Let z(f) = f. Let c be z(-3). Let i be (4 - 8) + 1*c. What is h(i)?
1
Let h(m) be the first derivative of m**3/3 + m + 378. Let a(n) = -11*n + 3. Let d be a(-3). Suppose 0 = 8*q - 3*q + 4*t - d, 3*t + 8 = 5*q. Give h(q).
17
Let z(q) be the first derivative of q**4/4 + q**3/3 - 29. Let n(s) = s**3 - 6*s**2 - 1. Suppose 2*w = w + 6. Let l be n(w). What is z(l)?
0
Let x(n) = 3*n - 1. Suppose 11 = t - 2*d, -d = -2*t + 4 + 3. Let j be (-30)/(-10) - (t - 0). Give x(j).
5
Let l(q) be the first derivative of -1/3*q**3 + 0*q + 6 + 1/6*q**4 + 1/2*q**2. Let n(y) be the second derivative of l(y). Give n(2).
6
Let g be 1 + -1 - 5 - (-1397)/127. Let m(a) = 2*a**2 - 6*a + 5. Calculate m(g).
41
Let b(l) = l - 4. Suppose 0 = -13*a + 15*a - 210. Let r = 111 - a. Calculate b(r).
2
Let n(b) be the first derivative of b**2 + 6*b - 106. Determine n(-4).
-2
Let h(q) be the third derivative of q**4/6 + 23*q**3/6 + 19*q**2. Let m(a) = 2*a + 11. Let g(l) = -4*h(l) + 9*m(l). Calculate g(5).
17
Let h(l) = -3*l - 4. Suppose -3*r = -13*r + 40. Suppose r - 19 = 5*j. Determine h(j).
5
Let k(n) = -n**2 + 7*n + 7. Let a = -48 - -55. Calculate k(a).
7
Let t(p) = p**2 + 9*p + 14. Suppose -42*v + 41*v - 6 = 0. What is t(v)?
-4
Let o(f) = 15*f + 120. Let v(z) = 3*z + 25. Let r(k) = 5*o(k) - 24*v(k). Calculate r(0).
0
Suppose 2*u + 0 = 8, -8 = -4*c + 4*u. Let j be 1*(-3 - -5) - -4. Let q(o) = c + 2*o**2 - j*o - 5 + 10*o. Determine q(-3).
7
Let m(t) = t**3 - t**2 - 4. Suppose 5*c - 24 = -0*c - 2*d, 0 = 3*c + d - 15. Let q(s) = -5*s**2 + 6 - 2*s - s - 4*s + c*s**2. Let x be q(6). Calculate m(x).
-4
Let g = -742 - -737. Let w(y) = -2*y**3 - 10*y**2 + y + 1. Determine w(g).
-4
Let v(g) = -g**2 + 14*g - 5. Let b(o) = o. Let n(c) = 6*b(c) - v(c). Let k be (11/(462/48))/((-4)/(-14)). Calculate n(k).
-11
Let b = 8 - 5. Suppose 16 = b*s - 7*s. Let a(h) = -2*h**3 + 7*h**2 - 2*h - 5. Let k(t) = t**3 - t**2. Let n(z) = -a(z) - 3*k(z). Determine n(s).
-3
Let f be (-34 - -77) + (-8)/2. Let g(z) = 19*z + 13 - f*z + 19*z. What is g(11)?
2
Let n = -1271 + 1269. Let j(x) = -x**2 - 3*x - 5. Determine j(n).
-3
Suppose -4*v - 44 = 3*u, 4*v + 19*u = 20*u - 60. Let s(y) = y**2 + 15*y - 2. What is s(v)?
-16
Let r(w) = 3*w**2. Suppose 2*y + 4*q + 0*q - 18 = 0, -q = -y - 6. Let l be r(y). Let x(u) = -u**3 + 4*u - 1. Give x(l).
-16
Let v(l) = l**2 - 5*l - 11. Let u be v(7). Let j be (-9 + 9)*(-2)/6. Let n(q) = -2*q**2 + q**3 + 0*q**2 - 3 - q**2 - 2*q + j*q**2. What is n(u)?
-9
Suppose r + 9 = 2*r. Let z(u) = 28 - u - 11 - r - 12. Suppose -5*a + 20 = -5*b, 3*a + 0*a = -4*b + 12. What is z(b)?
-4
Let j be 121/44 + (-1)/(-4). Let o(f) = -j*f**3 + 7*f**2 - 7 + f - 3*f**2 - 9*f**2 + 4*f**3. Give o(5).
-2
Let o(q) be the third derivative of -q**5/60 + q**4/12 + q**3 - 80*q**2. Determine o(3).
3
Let c(h) be the second derivative of h**4/12 + h**3/3 - 5*h**2 - 15*h. Calculate c(-7).
25
Let o = 9 + -5. Let t(u) be the first derivative of -45 - 1970*u + 1966*u - 4*u**2 + 5*u**2. Determine t(o).
4
Let n(b) = b**3 + 6*b**2 - 3*b - 4. Suppose 4*t - 9*a + 8*a + 24 = 0, 12 = -2*t - 2*a. Determine n(t).
14
Let z(y) be the third derivative of -y**6/120 + y**5/30 + 5*y**4/12 - y**3/3 + 2*y**2 - 2*y. Determine z(4).
6
Let d(q) = -q**3 + 13*q**2 - 12*q + 17. Let y = 953 - 941. Determine d(y).
17
Let w(v) = -v**3 - 5*v**2 + 5*v - 3. Let n = 10 + 19. Suppose 3*b + 14 = 2*k, -5*b - 2*k = 5 + n. Calculate w(b).
3
Let o(c) be the first derivative of c**4/4 - 8*c**3/3 - 10*c + 97. Determine o(8).
-10
Let y(g) = g**2 - 2*g - 1. Let t(u) = -u**3 - 11*u**2 + 7*u. Let v(q) = -t(q) - 5*y(q). Let s = 0 - 5. What is 